e remainder when q(-4) is divided by ((-7)/(-3) - 4)*d.
13
Calculate the remainder when 1/(-2) - 75/(-6) is divided by 4.
0
Suppose 0 = -t - 4*t + 375. Suppose -2*f + 40 = c - 4*c, -5*f + t = -5*c. Let i(j) = -2*j - 14. What is the remainder when 17 is divided by i(c)?
5
Suppose 2*d - 55 = d. Suppose f = -2*n + 22, n + 4*n - d = -4*f. What is the remainder when 43 is divided by n?
10
Let z = 47 + -30. Let h(t) = -t**3 + 7*t**2 - 4*t - 6. Let f be h(6). Suppose 0 = -v - 0*v + f. Calculate the remainder when z is divided by v.
5
Let c(y) = y**3 - 7*y**2 + 8*y + 4. Let l(i) be the second derivative of i**3/6 + 15*i**2 - 2*i. What is the remainder when l(0) is divided by c(6)?
14
Let l = -5 + 0. Let x(i) = 3*i + 2. Let u(m) = -9*m - 6. Let n(f) = -4*u(f) - 14*x(f). Calculate the remainder when n(l) is divided by 9.
8
Let i = -83 + 225. What is the remainder when i is divided by 36?
34
Suppose 3*g - 136 = -2*w, 2*g = g - 4. Calculate the remainder when w is divided by 25.
24
Let t = -27 - 60. Let u = -45 - t. What is the remainder when u is divided by 22?
20
Let q = 17 + 5. Calculate the remainder when 43 is divided by q.
21
Suppose 0 = -2*v + v + 4*j + 97, 188 = 2*v - 2*j. What is the remainder when v is divided by 16?
13
Let s = -3 - -19. Suppose -v - 4 = -3*v. Suppose 138 = v*a + a. What is the remainder when a is divided by s?
14
Let i(o) = -o + 7. Let x be (-36)/(-8) - 2/(-4). Suppose -5*r + 16 = -2*h, 2*r - 13 = 3*r + x*h. Calculate the remainder when i(4) is divided by r.
1
Let a = 13 + -5. Let n(o) = -10*o**2 - 15*o - 4. Let v(s) = 3*s**2 + 5*s + 1. Let u(p) = 2*n(p) + 7*v(p). What is the remainder when a is divided by u(-6)?
3
Suppose -3*r + 3*t = -2*r + 11, -r - 1 = -t. Calculate the remainder when 8 is divided by (-2)/6*(-36)/r.
2
Let g = 114 + -99. Calculate the remainder when 74 is divided by g.
14
Suppose 5*z = -10 + 30. Let a be (2/4)/((-1)/(-42)). Suppose -u + a + z = 0. Calculate the remainder when u is divided by 7.
4
Suppose 2*a = 4*a - 5*j + 8, 4*a = -3*j + 36. Suppose 8 = 2*z - 6*z + 4*c, -z + 2*c - 7 = 0. What is the remainder when a is divided by z?
0
Let o = -20 + 34. Calculate the remainder when 69 is divided by o.
13
Suppose 78 = 5*c - 2*q, c - 15 = q + 3. Let g = -3 + c. What is the remainder when g is divided by 6?
5
Let p be 6*4/8 + 6. Let n = p + 0. What is the remainder when n is divided by 6?
3
Suppose 2*w - 3*p = -4*p + 46, 0 = 3*p - 6. Calculate the remainder when 107 is divided by w.
19
Let o = -8 - 0. Let u = -13 + 21. Calculate the remainder when ((-10)/3)/(o/36) is divided by u.
7
Let w = 1 - 1. Suppose 0 = -2*n + u + 66, 6*n - u = 2*n + 128. Suppose w = -3*z + n + 47. Calculate the remainder when z is divided by 9.
8
Suppose 21 = 3*k + 3*r - 42, 2*k + 5*r - 36 = 0. Calculate the remainder when 68 is divided by k.
22
Let b = 18 + 0. What is the remainder when 33 is divided by b?
15
Suppose 0 = k - 8 - 16. What is the remainder when k is divided by ((-6)/(-10))/((-2)/(-30))?
6
Let v(u) be the first derivative of u**3/3 + 2*u**2 - 1. Let c be v(-5). Suppose 98 = -3*o + c*o. Calculate the remainder when o is divided by 17.
15
Let i = 17 + -12. Calculate the remainder when 17 is divided by i.
2
Suppose i - 5*r - 18 = 0, -4*i - 4*r = -0*r. What is the remainder when i is divided by 3?
0
Suppose 5*q - 2*b = 36, -q + b = 5*b - 16. Let g = 10 - q. Calculate the remainder when (3/4)/(1/4) is divided by g.
1
Let o(l) = -7*l**3 - l**2 - 2*l - 2. Calculate the remainder when 16 is divided by o(-1).
4
Calculate the remainder when 45 + (-6 + 3 - -1) is divided by 23.
20
Suppose -2*p - 20 = -6*p. Suppose -98 = -4*x + 34. Let r = -20 + x. What is the remainder when r is divided by p?
3
Suppose 0*p - 10 = -p. Let b = 23 - 17. Let d(v) = v**3 - 4*v**2 - 8*v + 15. What is the remainder when d(b) is divided by p?
9
Suppose 15*y = 23*y - 40. What is the remainder when 88 is divided by y?
3
Let w(i) = i + 16. Let a(b) = b**3 + 2*b**2 - 4*b. Calculate the remainder when w(-7) is divided by a(-3).
0
Let o(q) = -20*q**3 + q**2. What is the remainder when o(-1) is divided by 8?
5
Let o = -3 - 2. Let v = 8 - o. Calculate the remainder when 51 is divided by v.
12
Suppose 4*c - 6 = 30. Let z = 79 - 55. What is the remainder when z is divided by c?
6
Let n(s) = -36*s. Let q be n(2). Let k = 106 + q. What is the remainder when k is divided by 18?
16
Let z(g) = -g**3 + 6*g**2 - g - 1. Calculate the remainder when 35 is divided by z(5).
16
Let h(p) = p**3 + 5*p**2 - 5*p + 1. Calculate the remainder when 146 is divided by h(-4).
35
Suppose -4*b - 21 = -b. Let c = 9 + b. Calculate the remainder when 3 is divided by c.
1
Let c be 8 + (-1)/3*-3. Let b be 24/c - (-2)/(-3). Suppose -b*u + 3*p = -0*u - 30, 2*p - 45 = -3*u. Calculate the remainder when 43 is divided by u.
13
Suppose 6*f = 3*f + 162. What is the remainder when -2 - f/(-3) - -1 is divided by 6?
5
Suppose 9 = 2*a - l, 4*a = 5*a + 3*l - 1. Suppose -a*k - 4*z = -0*k - 24, -4*z - 30 = -2*k. What is the remainder when 16 is divided by k?
7
Let c be (-3)/(-2)*(-60)/(-9). Suppose 2*u + 2 = 4. Let v = c - u. Calculate the remainder when 26 is divided by v.
8
Suppose 185 = 5*v - 5*u, -2*v - 3*u = -0*u - 59. What is the remainder when (-2)/(1 + v/(-30)) is divided by 9?
6
Let r(o) = o**3 - 10*o**2 + 9*o + 10. Let k be r(9). Let y(n) = n**2 - 9*n + 12. Calculate the remainder when y(k) is divided by 12.
10
Suppose -2*z + 3*u + 3 = -7, 13 = -5*z - 2*u. Let h be (1 + 0)/((-3)/(-6)). What is the remainder when 5 is divided by 3 + (-1 - z)/h?
2
Suppose r - 24 = -5*v, -r + v + 0*v = 0. Let c(f) = 6*f - 5. What is the remainder when c(r) is divided by 10?
9
Let p(o) = 7*o + 12. Let i(y) = 3*y. Let r be i(1). Let n(b) = 6*b - 2. Calculate the remainder when p(5) is divided by n(r).
15
Calculate the remainder when (17 + 4)/(3/4) is divided by (1*10)/(0 + 1).
8
Suppose 9 = -4*a + 7*a. Calculate the remainder when 9 is divided by a.
0
Suppose 4*k - 66 = 54. Calculate the remainder when 118 is divided by k.
28
Suppose -6 = h - 3*h. Suppose -3*f + 4*f - 3 = 0. Suppose -f*i + 0*p + 15 = p, 0 = -i + 3*p + 5. Calculate the remainder when i is divided by h.
2
Let u = 54 + -99. Let r = 52 - 17. Calculate the remainder when r is divided by ((-2)/5)/(1/u).
17
Let f = -11 + 18. What is the remainder when 13 is divided by f?
6
Suppose -18*v + 252 = -90. Calculate the remainder when (3*37)/((-12)/(-8)) is divided by v.
17
Let a = 617 + -526. Let b(p) = 22*p**2 - 2*p - 1. Calculate the remainder when a is divided by b(-1).
22
Suppose -3*v + 4*r - 8 = 0, r = 5*v - 3*v - 3. Let z = 3 - -3. What is the remainder when z is divided by v?
2
Suppose -85 = -9*c + 4*c. What is the remainder when 64 is divided by c?
13
Let u(c) = c**3 + 12*c**2 + 7*c - 5. Calculate the remainder when u(-6) is divided by 43.
40
Suppose 5*q + 5*w = w + 37, q - 3*w + 4 = 0. Suppose -3*p = -5*x - 67, -31 = q*p - 4*x - 134. Calculate the remainder when 56 is divided by p.
18
Let y = -1 - -1. Suppose -6*b + 11 = -5*b. Let h = y + b. Calculate the remainder when 21 is divided by h.
10
Suppose -2*x + 73 = 23. Suppose 3 = -j - j - 3*d, 4*d + 18 = 2*j. Suppose -j*f + 8*f = 65. What is the remainder when x is divided by f?
12
Let m = 6 + 4. Calculate the remainder when 37 is divided by m.
7
Suppose j = 3*o - 27, -4*j - j = o + 7. Let t be (o/(-12))/((-2)/12). What is the remainder when ((t - 0) + 0)*2 is divided by 3?
2
Let h(u) = -u + 18. Let s(z) = -12*z + 1. Let q be s(-1). Calculate the remainder when 33 is divided by h(q).
3
Suppose -2 = -3*s + 4. Suppose c - 15 = -3*j, -j = 4*c - s*j + 5. Suppose 2*b - 40 = 4*t - 0, c = b + 4*t + 10. Calculate the remainder when 38 is divided by b.
8
Let b = -211 - -356. Calculate the remainder when b is divided by 37.
34
Let x(v) = -v**3 + 4*v**2 + 2*v - 2. Let j be x(-2). Suppose -2*y + j = -14. What is the remainder when 47 is divided by y?
15
Suppose 5*g + 28 = 7*g. What is the remainder when 26 is divided by g?
12
What is the remainder when 4 - (-25 + 1 + -4 + 6) is divided by 4?
2
Suppose 2*f + 0*f - 26 = 0. Suppose f = -2*i + 3*i. Calculate the remainder when (3 + -3 - 1)*-37 is divided by i.
11
Let o(l) = -l**2 + 4*l + 25. What is the remainder when 19 is divided by o(7)?
3
Suppose -2*h = -9 - 69. What is